b(m) = 43*m**2 + 233*m + 730. Let j be b(-3). Calculate the greatest common divisor of j and 891.
11
Suppose -f + 6*f - 140 = 0. Suppose 0 = -87*n + 88*n - 31. Suppose k = -3*l + 9 + n, l + 5*k - 4 = 0. What is the greatest common divisor of l and f?
14
Let t(a) = -a**2 - 77*a - 598. Let y be t(-9). Suppose -56 = -5*w + 4*w. Calculate the highest common factor of w and y.
14
Let g = 4165 + -4066. What is the highest common divisor of g and 627?
33
Let p = -32 + 36. Suppose -p + 14 = 5*b. Suppose c = a - 6*a + 7, -2*c + 2 = -b*a. Calculate the highest common factor of 14 and c.
2
Let x be (-2 - (9 - 2))/(-3). Suppose x*h = -11 - 7. Let j(l) = 2*l**3 + 13*l**2 + 14. Let u be j(h). Calculate the highest common divisor of 75 and u.
25
Suppose -5*l + 11 + 34 = 5*m, 13 = -3*l + 5*m. Suppose -148 - 17 = 5*p. Let t be 356/22 - (-6)/p. What is the greatest common divisor of t and l?
4
Let t = -11 - -24. Let h = t + -1. Let a = -390 - -426. Calculate the greatest common divisor of a and h.
12
Let x(z) = z**2 - 35*z + 105. Let p be (3 + -6 + -4)/(1/(-5)). Let t be x(p). Calculate the highest common factor of t and 231.
21
Suppose 80*a + 448 = 1087 + 801. What is the greatest common factor of 8082 and a?
18
Let r be 571/3 + 0 - (-7)/(-21). Let l be (-140)/(-6)*456/r. What is the highest common divisor of 28 and l?
28
Suppose 11 = -a + 15. Suppose 5*b + 4*u = 7 + 12, 0 = -3*b - a*u + 13. Let q be (-2)/b - 570/(-45). Calculate the greatest common divisor of 36 and q.
12
Suppose -5*k + 1290 + 110 = 5*d, -2*k = 4*d - 560. What is the greatest common factor of 320 and k?
40
Suppose 0*u = -3*x - u + 221, -5*u - 119 = -2*x. Let s = 129 - 124. Let o be s/15 - 46/(-6). Calculate the highest common factor of o and x.
8
Let m(q) = q**3 - 4*q**2 + 56*q - 504. Let g be m(7). What is the highest common divisor of 847 and g?
7
Suppose -d = 2*a - 2, 2008*a = 4*d + 2010*a - 44. Calculate the highest common factor of d and 266.
14
Suppose 491*c - 14907 + 5087 = 0. Let x be 2*-1 - (-7 + 1). Suppose x*h - 3*h = -2*w + 42, -5*h = 2*w - 50. Calculate the greatest common factor of w and c.
20
Let j(d) = 9*d + 644. Let o be j(-56). Calculate the greatest common divisor of o and 5110.
70
Suppose -4*w + 8*w = 951 + 325. What is the highest common divisor of w and 55?
11
Let z = 34 + 44. Let b = -72 + z. Let f be ((-15)/(-9))/(2/b). What is the greatest common divisor of 55 and f?
5
Let l(i) = i**3 + 9*i**2 - i + 1. Let t be l(-9). Suppose -4*s = 0, 450 = 5*x - 5*s + 2*s. Calculate the highest common divisor of t and x.
10
Suppose -4*b = -2*b - 40. Let n be 144/b - (-4)/5. Let v(f) = f**3 + 18*f**2 - 26*f - 45. Let a be v(-19). What is the greatest common divisor of n and a?
8
Let x be 668*-7*(-7)/98. Suppose -46 + x = 6*n. Suppose -2*g + 2*p + 200 = 0, -g + 5*p = -5*g + 364. What is the highest common divisor of n and g?
48
Let a = 39 - 29. Let w be 6 + 1 - (-1 - -2). Suppose 2*p = -5*k + 198, -w*p + 3*p + 197 = 5*k. Calculate the highest common factor of a and k.
10
Let y(j) = 5*j - 15. Let k be y(6). Suppose 0*o - k = 3*o. Let s be -4*o*(-3 - -4). What is the highest common divisor of s and 40?
20
Let o be 9 - (-71498)/24 - 6/72. What is the highest common factor of o and 24?
12
Let i(x) = -16*x**3 - 4*x**2 - 4*x - 22. Let t be i(-6). Suppose t = 20*c + 254. Calculate the greatest common divisor of c and 68.
17
Suppose -d = -5*c + 187, 3*c - 12 = 3. Let n = d + 166. What is the greatest common factor of n and 324?
4
Let g(n) = -n**3 + 6*n**2 - 17*n + 28. Let r be g(2). Let q be -5*(-10 + 1 + 7)/2. What is the greatest common divisor of r and q?
5
Suppose 3*m + 367 = 3*z + 199, -4*z + m = -209. What is the greatest common factor of z and 153?
51
Let f = 6033 + -5871. What is the highest common divisor of 90 and f?
18
Suppose -4*d + 12 + 20 = 0. Let j be (-5)/4 - -6 - (-2)/d. Calculate the highest common factor of 185 and j.
5
Let w be (-512)/(-28) + 2/(-7). Suppose -30*u = -106 - 104. Suppose 0 = -11*d + u*d, -2*f = 5*d - 36. Calculate the greatest common factor of f and w.
18
Suppose 5*i + c = 3*i + 8, 4*i + 5*c = 16. Suppose 11 = -i*q + 5*r, 4*q - 2*r = -4*r + 10. Calculate the greatest common divisor of 8 and q.
1
Let m = -100753 + 100768. Suppose 3*l - 243 - 477 = 0. Suppose 0 = -4*o - 0*o + l. What is the highest common factor of m and o?
15
Let p = -161 + 190. Let m = 191 + p. What is the greatest common factor of 44 and m?
44
Suppose 3*t + 117*w - 134 = 119*w, 5*w + 49 = t. Calculate the highest common factor of t and 216.
4
Let j = 342 + -342. Suppose -x - k - 2*k + 318 = j, 948 = 3*x + 3*k. What is the highest common divisor of x and 35?
35
Let x(o) = -13*o - 130. Let b be x(-20). Suppose 110 + b = 10*p. What is the greatest common divisor of p and 10?
2
Suppose -2*r + 483 = -5*y - 359, -3*y - 505 = -r. Let l = y - -258. Suppose -26*j = -24*j - l. What is the highest common factor of j and 5?
5
Suppose -39*x + 14*x = 35*x - 420. Suppose s - 2 = 1. Suppose 0 = -2*u + s*c + 71, -4*u = 2*c + 5 - 107. What is the highest common divisor of u and x?
7
Let l(x) = -x**3 + 17*x**2 + 41*x + 17. Let f be l(19). Calculate the highest common divisor of f and 111.
37
Let l(y) = -y**3 - 21*y**2 + 250*y + 21. Let z be l(-30). Calculate the highest common factor of z and 540.
27
Let o(f) = 4*f**3 - 17*f + 19. Let t be o(3). Calculate the highest common factor of 2375 and t.
19
Suppose 3*h = 48 - 12. Let t be ((-1012)/(-1))/11 - -4. Calculate the highest common factor of t and h.
12
Let r(k) = k**3 - 7*k**2 + 3*k + 3. Let h be r(6). Let q be (-8)/(8/h)*1. Suppose 10*z + 20 = q*z. Calculate the greatest common factor of z and 28.
4
Let l be 3/(-5)*80/(-24). Calculate the highest common factor of l and 1678.
2
Suppose 0 = -d + 4*h - 59, 2*d = 7*d + 3*h + 226. Let i = d + 37. Let a = 17 - i. What is the highest common divisor of a and 9?
9
Let t(b) = b**3 - 99*b**2 - 308*b + 238. Let n be t(102). Let g = -116 - -184. Calculate the greatest common factor of n and g.
34
Suppose 2589*o - 2597*o + 2664 = 0. What is the greatest common divisor of 21 and o?
3
Suppose -20*h = -12*h - 104. Calculate the highest common divisor of h and 1027.
13
Let v = 2946 + 3381. Calculate the highest common divisor of v and 38.
19
Suppose -3*w = -o + 12, -10 = -3*o - w - 4. Let k be 74/4 - (o/6 + 1). Let m = -605 - -741. What is the highest common divisor of k and m?
17
Suppose -9*d + 630 = -4*w + 1483, 0 = 2*w + 2*d - 446. Calculate the highest common divisor of 11660 and w.
220
Let t = 44379 - 44328. Calculate the highest common divisor of 939 and t.
3
Let o be 1/(((-1)/(40/(-6)))/21). Let a be 2/7 + 8360/o. Suppose -27*y - a = -33*y. What is the highest common factor of y and 10?
10
Let i(j) = -30*j**2 - 40 + 50*j**2 + 2*j**3 + 3*j**2 - 11*j. Let z be i(-10). Calculate the highest common factor of 10 and z.
10
Let f(u) = 9074*u**3 + 2*u**2 - u + 2. Let j be f(1). Calculate the greatest common divisor of j and 29.
29
Let a(l) = -5*l - 274. Let r be a(-30). Let u = r - -304. What is the greatest common divisor of 72 and u?
36
Suppose 180 = 40*y - 45*y. Let f = 58 + y. Suppose 0*j = 4*u - 2*j - 36, -3*u = -4*j - f. Calculate the highest common divisor of u and 40.
10
Suppose 0 = y - 2*y + j + 37, 182 = 5*y - 2*j. Let i = y - 39. Let n = 45 - i. Calculate the highest common divisor of n and 36.
12
Suppose -4*u + 13*u - 4392 = 0. Let p be u/3 - (-54)/(-81). Calculate the highest common divisor of p and 54.
54
Suppose 2615*i = 2705*i - 48960. What is the greatest common factor of i and 3400?
136
Suppose 2*j - 4*j + 87 + 105 = 0. Calculate the greatest common divisor of j and 912.
48
Suppose 179 = 4*f - 97. Let a(u) = 41*u - 1074. Let w be a(29). Calculate the highest common divisor of w and f.
23
Suppose 7*q + 2*q - 18 = 0. Suppose -20*v = q*v - 704. What is the greatest common divisor of v and 128?
32
Let z be -60*(3/7 - (-752)/(-987)). Calculate the greatest common divisor of z and 1660.
20
Let s(b) = 2*b + 13. Let l be s(-4). Suppose -72 = -l*n + 5*p + 158, 0 = -2*n + p + 90. Calculate the highest common divisor of 8 and n.
4
Suppose -43*c + 42*c + 2 = 0, -5*m + 5*c + 190 = 0. Calculate the greatest common divisor of m and 2070.
10
Let u = -317 - -419. Suppose -2*z = -4*c - 82, u = -5*z + 3*c + 314. Let q(p) 